ime factors of 3198067?
3198067
List the prime factors of 7801091.
827, 9433
List the prime factors of 25664.
2, 401
What are the prime factors of 154043?
154043
List the prime factors of 6521486.
2, 1523, 2141
What are the prime factors of 734538?
2, 3, 7, 17489
List the prime factors of 3666051.
3, 43, 9473
List the prime factors of 9968133.
3, 7, 37, 12829
List the prime factors of 19277784.
2, 3, 31, 2879
What are the prime factors of 15585373?
15585373
What are the prime factors of 4723779?
3, 61, 83, 311
What are the prime factors of 2410448?
2, 79, 1907
List the prime factors of 10693500.
2, 3, 5, 7129
What are the prime factors of 236567?
181, 1307
List the prime factors of 12579618.
2, 3, 251, 8353
What are the prime factors of 8222370?
2, 3, 5, 13, 29, 727
List the prime factors of 861847.
7, 123121
List the prime factors of 250459.
11, 22769
What are the prime factors of 255616?
2, 1997
List the prime factors of 5079068.
2, 79, 16073
What are the prime factors of 795561?
3, 13, 20399
What are the prime factors of 497353?
419, 1187
What are the prime factors of 5209862?
2, 7, 197, 1889
List the prime factors of 31652643.
3, 11, 31, 30941
List the prime factors of 11746471.
11, 977, 1093
List the prime factors of 3536295.
3, 5, 7, 33679
What are the prime factors of 35737?
13, 2749
List the prime factors of 493876.
2, 37, 47, 71
What are the prime factors of 14162154?
2, 3, 139, 16981
List the prime factors of 542724.
2, 3, 7, 13, 71
What are the prime factors of 24898?
2, 59, 211
What are the prime factors of 4908753?
3, 37, 14741
List the prime factors of 133203.
3, 7, 6343
List the prime factors of 4715860.
2, 5, 235793
List the prime factors of 307761.
3, 102587
What are the prime factors of 742858?
2, 61, 6089
List the prime factors of 10217812.
2, 11, 181, 1283
What are the prime factors of 839561?
47, 17863
List the prime factors of 5148371.
5148371
List the prime factors of 15165418.
2, 23, 329683
List the prime factors of 979211.
979211
List the prime factors of 4890273.
3, 1630091
What are the prime factors of 322899?
3, 37, 2909
List the prime factors of 339855.
3, 5, 139, 163
What are the prime factors of 725035?
5, 145007
List the prime factors of 105938.
2, 7, 23, 47
What are the prime factors of 121903?
139, 877
List the prime factors of 1458661.
977, 1493
What are the prime factors of 1873305?
3, 5, 7, 19, 313
List the prime factors of 74130.
2, 3, 5, 7, 353
What are the prime factors of 246946?
2, 7, 31, 569
List the prime factors of 73397.
19, 3863
List the prime factors of 1929810.
2, 3, 5, 64327
What are the prime factors of 296633?
17, 17449
List the prime factors of 13321051.
13321051
What are the prime factors of 14755902?
2, 3, 7, 409, 859
List the prime factors of 427016.
2, 53377
What are the prime factors of 179590?
2, 5, 17959
List the prime factors of 2351171.
2351171
What are the prime factors of 757472?
2, 23671
What are the prime factors of 122065?
5, 24413
List the prime factors of 23293670.
2, 5, 29, 47, 1709
What are the prime factors of 2009697?
3, 41, 16339
List the prime factors of 3964247.
7, 17, 4759
List the prime factors of 3171791.
7, 109, 4157
What are the prime factors of 1568159?
1568159
List the prime factors of 4183066.
2, 41, 139, 367
List the prime factors of 2350801.
197, 11933
What are the prime factors of 6254816?
2, 71, 2753
List the prime factors of 568568.
2, 7, 11, 13, 71
What are the prime factors of 414483?
3, 23, 6007
List the prime factors of 2430119.
19, 79, 1619
List the prime factors of 4676.
2, 7, 167
What are the prime factors of 30117?
3, 10039
What are the prime factors of 376594?
2, 29, 43, 151
What are the prime factors of 465125?
5, 61
List the prime factors of 554214.
2, 3, 92369
What are the prime factors of 87011?
87011
List the prime factors of 2835026.
2, 23, 61631
List the prime factors of 4186983.
3, 1395661
What are the prime factors of 4561962?
2, 3, 89, 8543
List the prime factors of 80456.
2, 89, 113
List the prime factors of 1238146.
2, 7, 13, 6803
List the prime factors of 967602.
2, 3, 161267
List the prime factors of 180214.
2, 90107
What are the prime factors of 285142?
2, 11, 13, 997
List the prime factors of 280489.
11, 43, 593
What are the prime factors of 570864?
2, 3, 7, 1699
What are the prime factors of 8158846?
2, 4079423
List the prime factors of 22334551.
22334551
What are the prime factors of 4354444?
2, 1088611
List the prime factors of 8427013.
7, 19, 63361
List the prime factors of 1839704.
2, 229963
List the prime factors of 1018945.
5, 203789
List the prime factors of 6387168.
2, 3, 66533
What are the prime factors of 726993?
3, 80777
What are the prime factors of 14308566?
2, 3, 37, 64453
List the prime factors of 4650791.
47, 98953
What are the prime factors of 18035744?
2, 197, 2861
What are the prime factors of 245758?
2, 103, 1193
List the prime factors of 2271649.
31, 127, 577
What are the prime factors of 78654?
2, 3, 13109
List the prime factors of 348949.
348949
List the prime factors of 469184.
2, 7331
What are the prime factors of 631316?
2, 7, 3221
List the prime factors of 4593941.
11, 417631
List the prime factors of 1918588.
2, 7, 68521
What are the prime factors of 11736433?
19, 617707
List the prime factors of 4854685.
5, 11, 61, 1447
What are the prime factors of 16540699?
7, 61, 38737
What are the prime factors of 179674?
2, 11, 8167
What are the prime factors of 10066169?
10066169
List the prime factors of 52433.
52433
List the prime factors of 7141507.
1181, 6047
What are the prime factors of 3414516?
2, 3, 7, 5807
What are the prime factors of 269451?
3, 7, 13, 47
List the prime factors of 11263319.
11263319
List the prime factors of 20882410.
2, 5, 2088241
What are the prime factors of 332349?
3, 139, 797
List the prime factors of 5740817.
1381, 4157
What are the prime factors of 763241?
643, 1187
List the prime factors of 1231347.
3, 13, 31573
List the prime factors of 699257.
13, 19, 149
What are the prime factors of 4492951?
71, 63281
What are the prime factors of 5977917?
3, 11, 60383
What are the prime factors of 354056?
2, 44257
What are the prime factors of 386324?
2, 96581
What are the prime factors of 2440317?
3, 11, 73, 1013
List the prime factors of 141732.
2, 3, 31, 127
List the prime factors of 4259002.
2, 11, 19, 23, 443
What are the prime factors of 3114145?
5, 17, 36637
List the prime factors of 599823.
3, 7, 9521
List the prime factors of 524368.
2, 13, 2521
List the prime factors of 322659.
3, 35851
What are the prime factors of 174351?
3, 89, 653
What are the prime factors of 31161?
3, 13, 17, 47
List the prime factors of 68927.
68927
List the prime factors of 5489471.
13, 422267
List the prime factors of 933583.
7, 197, 677
What are the prime factors of 1516596?
2, 3, 47, 2689
List the prime factors of 665912.
2, 13, 19, 337
List the prime factors of 11270.
2, 5, 7, 23
List the prime factors of 597212.
2, 7, 11, 277
List the prime factors of 15826960.
2, 5, 197837
List the prime factors of 431581.
431581
List the prime factors of 204941.
11, 31, 601
What are the prime factors of 1297298?
2, 648649
List the prime factors of 463216.
2, 13, 17, 131
What are the prime factors of 63707?
7, 19, 479
List the prime factors of 2605414.
2, 7, 149, 1249
What are the prime factors of 2287586?
2, 7, 53, 3083
List the prime factors of 202603.
83, 2441
What are the prime factors of 2178512?
2, 7, 53, 367
What are the prime factors of 7773113?
73, 233, 457
What are the prime factors of 3074711?
3074711
What are the prime factors of 16561115?
5, 307, 10789
List the prime factors of 1411515.
3, 5, 7, 4481
What are the prime factors of 536972?
2, 134243
What are the prime factors of 198547?
367, 541
What are the prime factors of 14979?
3, 4993
What are the prime factors of 1708188?
2, 3, 283, 503
List the prime factors of 251464.
2, 17, 43
List the prime factors of 997710.
2, 3, 5, 7, 4751
What are the prime factors of 16059?
3, 53, 101
List the prime factors of 202822.
2, 101411
List the prime factors of 2009122.
2, 1004561
What are the prime factors of 214914?
2, 3, 7, 17, 43
List the prime factors of 122267.
122267
What are the prime factors of 1845874?
2, 59, 15643
List the prime factors of 1413120.
2